greatest common divisor of q and 5?
5
Suppose -7613 - 2419 = -24*f. What is the highest common divisor of 76 and f?
38
Suppose -2*u = 3*w - 13, 5*u - 5*w - 18 = 77. Suppose 3*f - 10 = -2*f. Calculate the greatest common factor of u and f.
2
Let q = 36 + -34. Suppose -q*b - 4*x + 22 = -2*x, -5*x - 73 = -3*b. Calculate the highest common divisor of 32 and b.
16
Let u = 10 - 3. Let g(w) = 3*w - 11. Let a be g(u). Calculate the greatest common factor of 25 and a.
5
Let d = -52 + 76. Calculate the greatest common factor of d and 48.
24
Let p(a) = -164*a + 76. Let q be p(-5). What is the greatest common divisor of 28 and q?
28
Let f be 12/42*(-56)/(-16). Suppose -2*r - 2*d = 0, -2*r + 0*d = 3*d + 3. What is the highest common divisor of r and f?
1
Let v = 902 + -652. Calculate the highest common divisor of v and 80.
10
Suppose -792 = -23*t + 12*t. What is the greatest common divisor of 27 and t?
9
Suppose 0 = -0*r + r + 34. Let m = r + 50. Let f be (-76)/(-10) + 12/30. What is the greatest common divisor of m and f?
8
Let j = 6 - -22. Suppose -6*k - k = 315. Let g be ((-252)/k)/((-6)/(-15)). What is the highest common factor of j and g?
14
Let o(l) = 3*l - 10. Let p = -15 - -25. Let q be o(p). Calculate the highest common divisor of 10 and q.
10
Let c = -924 + 1133. What is the greatest common divisor of 76 and c?
19
Suppose -597 = -4*y - 5*s, -52*y - 768 = -57*y + s. What is the greatest common factor of 816 and y?
51
Let p = 7 + 2. Suppose -5*a + 9 = -3*d - 10, 2*a = -3*d + 16. Suppose -4*k = -a*k + 9. What is the highest common factor of p and k?
9
Let p = 685 - 189. Calculate the greatest common factor of 62 and p.
62
Let f be 9/((-27)/6) + 10. Suppose r - 5*r = 2*a - 152, 4*a = -5*r + 298. What is the greatest common divisor of f and a?
8
Let s be (-4)/42*-3*14. What is the highest common factor of s and 1436?
4
Suppose -r + 43*r - 271 = 149. Let s = -3 - -5. What is the highest common factor of r and s?
2
Suppose -x = -3*g + 43, 15 = g - x - 0. Suppose -5*v + 84 = -3*v. What is the greatest common divisor of v and g?
14
Suppose 120 = -5*o - 5*p, -3*p - 5 = -2*p. Let y(s) = s - 1. Let b be y(3). Let l be o/(-1) + (b - 3). Calculate the greatest common divisor of 54 and l.
18
Let r be (7203/(-161))/(-3) - (-2)/23. What is the highest common divisor of 1515 and r?
15
Let k = -185 + 187. Calculate the greatest common factor of 25 and k.
1
Let b(h) = h + 3. Let s be ((-3)/(-12))/((-1)/(-4)). Let l be 9/(-27)*(-18)/s. Let f be b(l). What is the highest common factor of f and 72?
9
Let k be ((-160)/480)/(140/141 - 1). What is the highest common divisor of k and 141?
47
Let z be 34/(-4) + 4/(-8). Let q be (-1792)/21*z/4. Calculate the highest common divisor of q and 24.
24
Let p be ((-6)/(-8))/(3/36 + 0). Suppose 3*o = 21 + p. Calculate the highest common divisor of 110 and o.
10
Let l be 92/(-6)*9/(-6). Suppose -31*f = -6*f - 6325. Calculate the highest common factor of f and l.
23
Let t(d) = 11*d - 131. Let y be t(13). Let h(m) = -m**3 - 2*m**2 + 2*m + 6. Let a be h(-4). Calculate the greatest common factor of a and y.
6
Let z = -12 - -18. Let r be 128 + 0 - (-4 + z). What is the greatest common factor of 18 and r?
18
Let m(s) = 165*s**3 - s**2 + s. Let t be m(1). Let d = 9 - 15. Let g be (-197)/(-13) - d/(-39). What is the highest common divisor of g and t?
15
Let x(v) = -2*v - 5. Let w be x(-6). Suppose -9*m + 10*m = 7. What is the greatest common factor of m and w?
7
Suppose 2*r + 16 = -a + r, 2*a + 48 = 2*r. Let j be 4/(a/(-15)) - -7. What is the greatest common divisor of 5 and j?
5
Suppose -4*h + 4*g = -26 + 6, 0 = 2*g + 4. Suppose 5*x + h*l = 7*l + 466, 0 = -5*l - 20. What is the greatest common factor of x and 10?
10
Suppose 0 = 3*b - 2*f - 18, b + 3*f = 14 - 19. What is the greatest common factor of 22 and b?
2
Let j be ((-10)/4)/((-99)/9108). Calculate the highest common divisor of j and 322.
46
Let v be (-26)/(-18) + -1 - 42900/(-675). Calculate the highest common divisor of 8 and v.
8
Suppose 5*u + t = 3353, 6*u - 3341 = u + 3*t. Calculate the greatest common factor of 10 and u.
10
Let b(i) = 10*i**2 + i - 1. Let l be (4/3)/((-4)/6). Let m be b(l). Suppose 5 + m = 2*r. Calculate the highest common divisor of 21 and r.
21
Suppose 0 = -3*p - n + 2620, -3*p + 30*n + 2624 = 32*n. Calculate the greatest common factor of 16 and p.
8
Let u(n) = -4*n**2 - 2 + 3*n + 2*n**2 + 21*n**3 - 4*n**2 + 5*n**2. Let h be u(1). Calculate the highest common factor of 3 and h.
3
Let z = 1033 + -1018. What is the greatest common divisor of 9 and z?
3
Let z be 1 + -5*(-4)/10. Suppose -m + 48 = z*m. Let w(u) = -u**3 + 8*u**2 - 7*u + 3. Let a be w(7). What is the greatest common factor of a and m?
3
Let o be (-42)/10 - (-1)/5. Let v be -6*(40/(-6))/o. Let q = v + 32. What is the highest common factor of 22 and q?
22
Suppose 3*k - 3*a = 201, 20 = 3*a + 5. Calculate the highest common factor of 8 and k.
8
Let z(o) = 25*o + 11. Let l be z(11). Calculate the greatest common divisor of l and 11.
11
Let u = 5 + 26. Let m be (0 - -1) + -8 + u. Suppose -m + 60 = 4*b. What is the greatest common factor of 63 and b?
9
Suppose c - 19 = j, 5*c - 110 + 23 = 3*j. Let k = 34 - c. What is the highest common factor of k and 76?
19
Let n = 1396 - 1305. Calculate the highest common divisor of n and 65.
13
Let n(i) = i**3 - 18*i**2 + 43*i - 27. Let m be n(17). Suppose -12*j - m + 1279 = 0. What is the greatest common factor of j and 180?
36
Let v be 0 - (-3)/(-1) - -35. Let m be 0*((-1)/2 - -1) - -3. Let h be v - 2 - (2 - m). What is the greatest common divisor of h and 31?
31
Let m be 3/((-3)/(-34)) - 3. Suppose 3*g = 4*v - 5 - 12, 2*v + 3*g = m. Suppose 21*u - 822 = 522. Calculate the highest common factor of v and u.
8
Suppose 0 - 4 = -p. Suppose -p*n = 6 - 54. Let r(a) = 6*a. Let h be r(2). Calculate the highest common factor of h and n.
12
Suppose -4*z - 25 = -9*z. Suppose 4*j = -z*r + r + 88, 4*j = 5*r - 65. Calculate the greatest common factor of 85 and r.
17
Suppose -4 + 37 = 3*u. Calculate the greatest common factor of 143 and u.
11
Suppose 457 = -f + 2*f + 2*i, -2*i + 2 = 0. What is the greatest common divisor of f and 65?
65
Let h(k) = 3*k**2 - 3*k - 1. Let g = 18 + -20. Let y be h(g). Suppose 0 = -q - 2, -4*i + q = 81 - 695. What is the highest common factor of i and y?
17
Let p be 10*(-9)/135 - 148/(-6). Suppose 0*r + 2 = -l - r, -3*r = 5*l + 2. Suppose p = l*v + v. Calculate the highest common divisor of v and 80.
8
Suppose 0 = 9*i - 670 + 49. Calculate the greatest common factor of i and 3.
3
Let d be 4 + 26 + (-7 - -4). Suppose 0 = -x + d - 19. Suppose w = -w + 40. Calculate the greatest common divisor of x and w.
4
Let p = -37215 - -37374. Let o be (1 + -2 - 0)*-106. Calculate the greatest common factor of o and p.
53
Let i(p) = p**3 + 7*p**2 - 6*p + 18. Let s be i(-8). Calculate the greatest common divisor of s and 120.
2
Let n be 22 - (-1)/((-5)/30). Calculate the highest common factor of n and 148.
4
Let m(q) = 2*q**2 + q - 5. Let i be m(7). Let d = -50 + i. Suppose 5*u - 50 = d. What is the highest common factor of u and 8?
4
Suppose -18 = -5*b + 7. Let g be 6 + 20/(-7 + 2). Suppose g*a = -3*h + 92, -b*h + 2*a + 100 = -32. Calculate the greatest common divisor of h and 28.
28
Let w = 1063 + -1018. Calculate the highest common divisor of w and 3600.
45
Suppose 3*v = -8 - 10. Let n(a) = -4*a - a**3 - 7*a**2 - 2*a + a + 7. Let q be n(v). Calculate the greatest common divisor of q and 11.
1
Suppose -2*l = -2*p + 2612, 102*p - 107*p - 3*l = -6514. What is the highest common divisor of p and 16?
8
Let w be (-2)/(-4)*(2 + -2). Suppose 20 = s - w. Suppose -s = -3*h + 28. Calculate the highest common divisor of 24 and h.
8
Let k be 350/22 - (-84)/924. Calculate the greatest common factor of k and 3.
1
Suppose -2*c + 24 = c. Let s(a) = 4*a**2 - 62*a - 66. Let l be s(19). What is the highest common factor of c and l?
8
Suppose 31 - 115 = -14*x. Let b be (0 - 1)*(-175)/(x - -1). Calculate the greatest common factor of 225 and b.
25
Let o(s) = -s**2 - 3*s - 8. Let g be o(-9). Let d = 64 + g. What is the greatest common factor of d and 16?
2
Let d = -758 - -1608. What is the highest common factor of d and 34?
34
Let i be ((-4)/6)/((-8)/300). Suppose 14*q - 182 = 168. What